{"id":9057,"date":"2025-09-09T13:26:41","date_gmt":"2025-09-09T13:26:41","guid":{"rendered":"https:\/\/jardindaime.com\/?post_type=product&#038;p=9057"},"modified":"2026-04-09T12:10:30","modified_gmt":"2026-04-09T12:10:30","slug":"celeri-rave","status":"publish","type":"product","link":"https:\/\/jardindaime.com\/index.php\/product\/celeri-rave\/","title":{"rendered":"C\u00c9LERI-RAVE"},"content":{"rendered":"<h4 data-start=\"97\" data-end=\"133\">\ud83c\udf3f C\u00e9leri-rave \u2013 Jardin d\u2019Aim\u00e9e<\/h4>\n<h4 data-start=\"135\" data-end=\"170\">\u2728 Caract\u00e9ristiques du produit<\/h4>\n<p data-start=\"171\" data-end=\"514\"><em>Cultiv\u00e9 avec soin au Jardin d\u2019Aim\u00e9e, notre c\u00e9leri-rave se distingue par sa chair blanche, ferme et parfum\u00e9e. <\/em><\/p>\n<p data-start=\"171\" data-end=\"514\"><em>Son go\u00fbt d\u00e9licat, l\u00e9g\u00e8rement sucr\u00e9 et anis\u00e9, en fait un l\u00e9gume racine savoureux et polyvalent. <\/em><\/p>\n<p data-start=\"171\" data-end=\"514\"><em>Riche en fibres, en vitamines et en min\u00e9raux, il apporte une touche de fra\u00eecheur et d\u2019originalit\u00e9 \u00e0 vos plats, aussi bien crus que cuits.<\/em><\/p>\n<h4 data-start=\"516\" data-end=\"549\">\ud83e\uddca Conseils de conservation<\/h4>\n<ul data-start=\"550\" data-end=\"707\">\n<li data-start=\"550\" data-end=\"638\">\n<p data-start=\"552\" data-end=\"638\"><em>\u00c0 conserver dans un endroit frais et sec, ou dans le bac \u00e0 l\u00e9gumes du r\u00e9frig\u00e9rateur.<\/em><\/p>\n<\/li>\n<li data-start=\"639\" data-end=\"707\">\n<p data-start=\"641\" data-end=\"707\"><em>Il se garde plusieurs jours sans perdre sa saveur ni sa texture.<\/em><\/p>\n<\/li>\n<\/ul>\n<h4 data-start=\"709\" data-end=\"741\">\ud83c\udf7d\ufe0f Conseils d\u2019utilisation<\/h4>\n<ul data-start=\"742\" data-end=\"957\">\n<li data-start=\"742\" data-end=\"801\">\n<p data-start=\"744\" data-end=\"801\"><em>D\u00e9licieux cru, r\u00e2p\u00e9 en r\u00e9moulade avec une sauce l\u00e9g\u00e8re.<\/em><\/p>\n<\/li>\n<li data-start=\"802\" data-end=\"866\">\n<p data-start=\"804\" data-end=\"866\"><em>Parfait aussi en pur\u00e9e, en soupe, en gratin ou r\u00f4ti au four.<\/em><\/p>\n<\/li>\n<li data-start=\"867\" data-end=\"957\">\n<p data-start=\"869\" data-end=\"957\"><em>Astuce gourmande : associez-le \u00e0 des pommes de terre pour une pur\u00e9e douce et parfum\u00e9e.<\/em><\/p>\n<\/li>\n<\/ul>\n","protected":false},"excerpt":{"rendered":"<p><strong>C\u00c9LERI-RAVE\u00a0<\/strong><\/p>\n<p><strong>SA PROVENANCE :\u00a0<\/strong><em>D&rsquo;origine France \ud83c\uddeb\ud83c\uddf7 , Montpezat.<\/em><\/p>\n<p><strong>CAT\u00c9GORIE : II<\/strong><\/p>\n","protected":false},"featured_media":9058,"comment_status":"open","ping_status":"closed","template":"","meta":[],"product_brand":[],"product_cat":[77,271],"product_tag":[171],"class_list":{"0":"post-9057","1":"product","2":"type-product","3":"status-publish","4":"has-post-thumbnail","6":"product_cat-legume","7":"product_cat-tous","8":"product_tag-celeri-rave","10":"first","11":"instock","12":"shipping-taxable","13":"purchasable","14":"product-type-variable"},"yoast_head":"<!-- This site is optimized with the Yoast SEO plugin v27.3 - https:\/\/yoast.com\/product\/yoast-seo-wordpress\/ -->\n<title>C\u00c9LERI-RAVE - Jardin d&#039;Aim\u00e9e<\/title>\n<meta name=\"robots\" content=\"index, follow, max-snippet:-1, max-image-preview:large, max-video-preview:-1\" \/>\n<link rel=\"canonical\" href=\"https:\/\/jardindaime.com\/index.php\/product\/celeri-rave\/\" \/>\n<meta property=\"og:locale\" content=\"fr_FR\" \/>\n<meta property=\"og:type\" content=\"article\" \/>\n<meta property=\"og:title\" content=\"C\u00c9LERI-RAVE - Jardin d&#039;Aim\u00e9e\" \/>\n<meta property=\"og:description\" content=\"C\u00c9LERI-RAVE\u00a0  SA PROVENANCE :\u00a0D&#039;origine France \ud83c\uddeb\ud83c\uddf7 , Montpezat.  CAT\u00c9GORIE : II\" \/>\n<meta property=\"og:url\" content=\"https:\/\/jardindaime.com\/index.php\/product\/celeri-rave\/\" \/>\n<meta property=\"og:site_name\" content=\"Jardin d&#039;Aim\u00e9e\" \/>\n<meta property=\"article:modified_time\" content=\"2026-04-09T12:10:30+00:00\" \/>\n<meta property=\"og:image\" content=\"https:\/\/jardindaime.com\/wp-content\/uploads\/2025\/09\/celeri-rave.jpg\" \/>\n\t<meta property=\"og:image:width\" content=\"1200\" \/>\n\t<meta property=\"og:image:height\" content=\"630\" \/>\n\t<meta property=\"og:image:type\" content=\"image\/jpeg\" \/>\n<meta name=\"twitter:card\" content=\"summary_large_image\" \/>\n<meta name=\"twitter:label1\" content=\"Dur\u00e9e de lecture estim\u00e9e\" \/>\n\t<meta name=\"twitter:data1\" content=\"1 minute\" \/>\n<script type=\"application\/ld+json\" class=\"yoast-schema-graph\">{\"@context\":\"https:\\\/\\\/schema.org\",\"@graph\":[{\"@type\":\"WebPage\",\"@id\":\"https:\\\/\\\/jardindaime.com\\\/index.php\\\/product\\\/celeri-rave\\\/\",\"url\":\"https:\\\/\\\/jardindaime.com\\\/index.php\\\/product\\\/celeri-rave\\\/\",\"name\":\"C\u00c9LERI-RAVE - Jardin d&#039;Aim\u00e9e\",\"isPartOf\":{\"@id\":\"https:\\\/\\\/jardindaime.com\\\/#website\"},\"primaryImageOfPage\":{\"@id\":\"https:\\\/\\\/jardindaime.com\\\/index.php\\\/product\\\/celeri-rave\\\/#primaryimage\"},\"image\":{\"@id\":\"https:\\\/\\\/jardindaime.com\\\/index.php\\\/product\\\/celeri-rave\\\/#primaryimage\"},\"thumbnailUrl\":\"https:\\\/\\\/jardindaime.com\\\/wp-content\\\/uploads\\\/2025\\\/09\\\/celeri-rave.jpg\",\"datePublished\":\"2025-09-09T13:26:41+00:00\",\"dateModified\":\"2026-04-09T12:10:30+00:00\",\"breadcrumb\":{\"@id\":\"https:\\\/\\\/jardindaime.com\\\/index.php\\\/product\\\/celeri-rave\\\/#breadcrumb\"},\"inLanguage\":\"fr-FR\",\"potentialAction\":[{\"@type\":\"ReadAction\",\"target\":[\"https:\\\/\\\/jardindaime.com\\\/index.php\\\/product\\\/celeri-rave\\\/\"]}]},{\"@type\":\"ImageObject\",\"inLanguage\":\"fr-FR\",\"@id\":\"https:\\\/\\\/jardindaime.com\\\/index.php\\\/product\\\/celeri-rave\\\/#primaryimage\",\"url\":\"https:\\\/\\\/jardindaime.com\\\/wp-content\\\/uploads\\\/2025\\\/09\\\/celeri-rave.jpg\",\"contentUrl\":\"https:\\\/\\\/jardindaime.com\\\/wp-content\\\/uploads\\\/2025\\\/09\\\/celeri-rave.jpg\",\"width\":1200,\"height\":630},{\"@type\":\"BreadcrumbList\",\"@id\":\"https:\\\/\\\/jardindaime.com\\\/index.php\\\/product\\\/celeri-rave\\\/#breadcrumb\",\"itemListElement\":[{\"@type\":\"ListItem\",\"position\":1,\"name\":\"Home\",\"item\":\"https:\\\/\\\/jardindaime.com\\\/\"},{\"@type\":\"ListItem\",\"position\":2,\"name\":\"Produits\",\"item\":\"https:\\\/\\\/jardindaime.com\\\/index.php\\\/shop\\\/\"},{\"@type\":\"ListItem\",\"position\":3,\"name\":\"C\u00c9LERI-RAVE\"}]},{\"@type\":\"WebSite\",\"@id\":\"https:\\\/\\\/jardindaime.com\\\/#website\",\"url\":\"https:\\\/\\\/jardindaime.com\\\/\",\"name\":\"Jardin d&#039;Aim\u00e9e\",\"description\":\"Vente de fruits et l\u00e9gumes \u00e0 domicile\",\"potentialAction\":[{\"@type\":\"SearchAction\",\"target\":{\"@type\":\"EntryPoint\",\"urlTemplate\":\"https:\\\/\\\/jardindaime.com\\\/?s={search_term_string}\"},\"query-input\":{\"@type\":\"PropertyValueSpecification\",\"valueRequired\":true,\"valueName\":\"search_term_string\"}}],\"inLanguage\":\"fr-FR\"}]}<\/script>\n<!-- \/ Yoast SEO plugin. -->","yoast_head_json":{"title":"C\u00c9LERI-RAVE - Jardin d&#039;Aim\u00e9e","robots":{"index":"index","follow":"follow","max-snippet":"max-snippet:-1","max-image-preview":"max-image-preview:large","max-video-preview":"max-video-preview:-1"},"canonical":"https:\/\/jardindaime.com\/index.php\/product\/celeri-rave\/","og_locale":"fr_FR","og_type":"article","og_title":"C\u00c9LERI-RAVE - Jardin d&#039;Aim\u00e9e","og_description":"C\u00c9LERI-RAVE\u00a0  SA PROVENANCE :\u00a0D'origine France \ud83c\uddeb\ud83c\uddf7 , Montpezat.  CAT\u00c9GORIE : II","og_url":"https:\/\/jardindaime.com\/index.php\/product\/celeri-rave\/","og_site_name":"Jardin d&#039;Aim\u00e9e","article_modified_time":"2026-04-09T12:10:30+00:00","og_image":[{"width":1200,"height":630,"url":"https:\/\/jardindaime.com\/wp-content\/uploads\/2025\/09\/celeri-rave.jpg","type":"image\/jpeg"}],"twitter_card":"summary_large_image","twitter_misc":{"Dur\u00e9e de lecture estim\u00e9e":"1 minute"},"schema":{"@context":"https:\/\/schema.org","@graph":[{"@type":"WebPage","@id":"https:\/\/jardindaime.com\/index.php\/product\/celeri-rave\/","url":"https:\/\/jardindaime.com\/index.php\/product\/celeri-rave\/","name":"C\u00c9LERI-RAVE - Jardin d&#039;Aim\u00e9e","isPartOf":{"@id":"https:\/\/jardindaime.com\/#website"},"primaryImageOfPage":{"@id":"https:\/\/jardindaime.com\/index.php\/product\/celeri-rave\/#primaryimage"},"image":{"@id":"https:\/\/jardindaime.com\/index.php\/product\/celeri-rave\/#primaryimage"},"thumbnailUrl":"https:\/\/jardindaime.com\/wp-content\/uploads\/2025\/09\/celeri-rave.jpg","datePublished":"2025-09-09T13:26:41+00:00","dateModified":"2026-04-09T12:10:30+00:00","breadcrumb":{"@id":"https:\/\/jardindaime.com\/index.php\/product\/celeri-rave\/#breadcrumb"},"inLanguage":"fr-FR","potentialAction":[{"@type":"ReadAction","target":["https:\/\/jardindaime.com\/index.php\/product\/celeri-rave\/"]}]},{"@type":"ImageObject","inLanguage":"fr-FR","@id":"https:\/\/jardindaime.com\/index.php\/product\/celeri-rave\/#primaryimage","url":"https:\/\/jardindaime.com\/wp-content\/uploads\/2025\/09\/celeri-rave.jpg","contentUrl":"https:\/\/jardindaime.com\/wp-content\/uploads\/2025\/09\/celeri-rave.jpg","width":1200,"height":630},{"@type":"BreadcrumbList","@id":"https:\/\/jardindaime.com\/index.php\/product\/celeri-rave\/#breadcrumb","itemListElement":[{"@type":"ListItem","position":1,"name":"Home","item":"https:\/\/jardindaime.com\/"},{"@type":"ListItem","position":2,"name":"Produits","item":"https:\/\/jardindaime.com\/index.php\/shop\/"},{"@type":"ListItem","position":3,"name":"C\u00c9LERI-RAVE"}]},{"@type":"WebSite","@id":"https:\/\/jardindaime.com\/#website","url":"https:\/\/jardindaime.com\/","name":"Jardin d&#039;Aim\u00e9e","description":"Vente de fruits et l\u00e9gumes \u00e0 domicile","potentialAction":[{"@type":"SearchAction","target":{"@type":"EntryPoint","urlTemplate":"https:\/\/jardindaime.com\/?s={search_term_string}"},"query-input":{"@type":"PropertyValueSpecification","valueRequired":true,"valueName":"search_term_string"}}],"inLanguage":"fr-FR"}]}},"_links":{"self":[{"href":"https:\/\/jardindaime.com\/index.php\/wp-json\/wp\/v2\/product\/9057","targetHints":{"allow":["GET"]}}],"collection":[{"href":"https:\/\/jardindaime.com\/index.php\/wp-json\/wp\/v2\/product"}],"about":[{"href":"https:\/\/jardindaime.com\/index.php\/wp-json\/wp\/v2\/types\/product"}],"replies":[{"embeddable":true,"href":"https:\/\/jardindaime.com\/index.php\/wp-json\/wp\/v2\/comments?post=9057"}],"wp:featuredmedia":[{"embeddable":true,"href":"https:\/\/jardindaime.com\/index.php\/wp-json\/wp\/v2\/media\/9058"}],"wp:attachment":[{"href":"https:\/\/jardindaime.com\/index.php\/wp-json\/wp\/v2\/media?parent=9057"}],"wp:term":[{"taxonomy":"product_brand","embeddable":true,"href":"https:\/\/jardindaime.com\/index.php\/wp-json\/wp\/v2\/product_brand?post=9057"},{"taxonomy":"product_cat","embeddable":true,"href":"https:\/\/jardindaime.com\/index.php\/wp-json\/wp\/v2\/product_cat?post=9057"},{"taxonomy":"product_tag","embeddable":true,"href":"https:\/\/jardindaime.com\/index.php\/wp-json\/wp\/v2\/product_tag?post=9057"}],"curies":[{"name":"wp","href":"https:\/\/api.w.org\/{rel}","templated":true}]}}