{"id":9484,"date":"2026-04-20T16:21:42","date_gmt":"2026-04-20T16:21:42","guid":{"rendered":"https:\/\/jardindaime.com\/?post_type=product&#038;p=9484"},"modified":"2026-04-20T16:22:25","modified_gmt":"2026-04-20T16:22:25","slug":"botte-de-carotte-a-lunite","status":"publish","type":"product","link":"https:\/\/jardindaime.com\/index.php\/product\/botte-de-carotte-a-lunite\/","title":{"rendered":"BOTTE DE CAROTTE (\u00e0 l&rsquo;Unit\u00e9)"},"content":{"rendered":"<h4 data-section-id=\"pue4ni\" data-start=\"106\" data-end=\"129\">\ud83e\udd55 Botte de Carottes<\/h4>\n<h4 data-section-id=\"fz8h12\" data-start=\"131\" data-end=\"166\">\u2728 Caract\u00e9ristiques du produit<\/h4>\n<p data-start=\"167\" data-end=\"442\"><em>Les carottes en botte se distinguent par leur grande fra\u00eecheur et leur go\u00fbt naturellement sucr\u00e9. <\/em><\/p>\n<p data-start=\"167\" data-end=\"442\"><em>R\u00e9colt\u00e9es jeunes et vendues avec leurs fanes, elles offrent une chair tendre, croquante et pleine de saveur. <\/em><\/p>\n<p data-start=\"167\" data-end=\"442\"><em>Un l\u00e9gume simple et authentique, id\u00e9al pour une cuisine du quotidien.<\/em><\/p>\n<h4 data-section-id=\"sfu058\" data-start=\"444\" data-end=\"477\">\ud83e\uddca Conseils de conservation<\/h4>\n<ul data-start=\"478\" data-end=\"668\">\n<li data-section-id=\"krewv4\" data-start=\"478\" data-end=\"533\"><em>\u00c0 conserver dans le bac \u00e0 l\u00e9gumes du r\u00e9frig\u00e9rateur.<\/em><\/li>\n<li data-section-id=\"1usp3gg\" data-start=\"534\" data-end=\"611\"><em>Couper les fanes avant stockage pour pr\u00e9server la fra\u00eecheur des carottes.<\/em><\/li>\n<li data-section-id=\"1c4168p\" data-start=\"612\" data-end=\"668\"><em>Les fanes peuvent \u00eatre utilis\u00e9es en soupe ou en pesto.<\/em><\/li>\n<\/ul>\n<h4 data-section-id=\"b53rqs\" data-start=\"670\" data-end=\"702\">\ud83c\udf7d\ufe0f Conseils d\u2019utilisation<\/h4>\n<ul data-start=\"703\" data-end=\"894\">\n<li data-section-id=\"i4dawd\" data-start=\"703\" data-end=\"765\"><em>D\u00e9licieuses crues, r\u00e2p\u00e9es ou en b\u00e2tonnets pour l\u2019ap\u00e9ritif.<\/em><\/li>\n<li data-section-id=\"16rcg9s\" data-start=\"766\" data-end=\"829\"><em>Parfaites cuites \u00e0 la vapeur, r\u00f4ties ou glac\u00e9es \u00e0 la po\u00eale.<\/em><\/li>\n<li data-section-id=\"1g207bj\" data-start=\"830\" data-end=\"894\"><em>Id\u00e9ales en accompagnement, en pur\u00e9e ou dans les plats mijot\u00e9s.<\/em><\/li>\n<\/ul>\n","protected":false},"excerpt":{"rendered":"<p><strong>BOTTE DE CAROTTE (\u00e0 l&rsquo;Unit\u00e9)<\/strong><\/p>\n<p><strong>SA PROVENANCE :\u00a0<\/strong><em>D&rsquo;origine France \ud83c\uddeb\ud83c\uddf7 , Bellegarde.<\/em><\/p>\n<p><strong>CAT\u00c9GORIE : II<\/strong><\/p>\n","protected":false},"featured_media":9485,"comment_status":"open","ping_status":"closed","template":"","meta":[],"product_brand":[],"product_cat":[77,271],"product_tag":[142],"class_list":{"0":"post-9484","1":"product","2":"type-product","3":"status-publish","4":"has-post-thumbnail","6":"product_cat-legume","7":"product_cat-tous","8":"product_tag-botte-de-carotte","10":"first","11":"instock","12":"shipping-taxable","13":"purchasable","14":"product-type-simple"},"yoast_head":"<!-- This site is optimized with the Yoast SEO plugin v27.4 - https:\/\/yoast.com\/product\/yoast-seo-wordpress\/ -->\n<title>BOTTE DE CAROTTE (\u00e0 l&#039;Unit\u00e9) - Jardin d&#039;Aim\u00e9e<\/title>\n<meta name=\"robots\" content=\"index, follow, max-snippet:-1, max-image-preview:large, max-video-preview:-1\" \/>\n<link rel=\"canonical\" href=\"https:\/\/jardindaime.com\/index.php\/product\/botte-de-carotte-a-lunite\/\" \/>\n<meta property=\"og:locale\" content=\"fr_FR\" \/>\n<meta property=\"og:type\" content=\"article\" \/>\n<meta property=\"og:title\" content=\"BOTTE DE CAROTTE (\u00e0 l&#039;Unit\u00e9) - Jardin d&#039;Aim\u00e9e\" \/>\n<meta property=\"og:description\" content=\"BOTTE DE CAROTTE (\u00e0 l&#039;Unit\u00e9)  SA PROVENANCE :\u00a0D&#039;origine France \ud83c\uddeb\ud83c\uddf7 , Bellegarde.  CAT\u00c9GORIE : II\" \/>\n<meta property=\"og:url\" content=\"https:\/\/jardindaime.com\/index.php\/product\/botte-de-carotte-a-lunite\/\" \/>\n<meta property=\"og:site_name\" content=\"Jardin d&#039;Aim\u00e9e\" \/>\n<meta property=\"article:modified_time\" content=\"2026-04-20T16:22:25+00:00\" \/>\n<meta property=\"og:image\" content=\"https:\/\/jardindaime.com\/wp-content\/uploads\/2026\/04\/carotte-fane.png\" \/>\n\t<meta property=\"og:image:width\" content=\"1000\" \/>\n\t<meta property=\"og:image:height\" content=\"1000\" \/>\n\t<meta property=\"og:image:type\" content=\"image\/png\" \/>\n<meta name=\"twitter:card\" content=\"summary_large_image\" \/>\n<meta name=\"twitter:label1\" content=\"Dur\u00e9e de lecture estim\u00e9e\" \/>\n\t<meta name=\"twitter:data1\" content=\"1 minute\" \/>\n<script type=\"application\/ld+json\" class=\"yoast-schema-graph\">{\"@context\":\"https:\\\/\\\/schema.org\",\"@graph\":[{\"@type\":\"WebPage\",\"@id\":\"https:\\\/\\\/jardindaime.com\\\/index.php\\\/product\\\/botte-de-carotte-a-lunite\\\/\",\"url\":\"https:\\\/\\\/jardindaime.com\\\/index.php\\\/product\\\/botte-de-carotte-a-lunite\\\/\",\"name\":\"BOTTE DE CAROTTE (\u00e0 l'Unit\u00e9) - Jardin d&#039;Aim\u00e9e\",\"isPartOf\":{\"@id\":\"https:\\\/\\\/jardindaime.com\\\/#website\"},\"primaryImageOfPage\":{\"@id\":\"https:\\\/\\\/jardindaime.com\\\/index.php\\\/product\\\/botte-de-carotte-a-lunite\\\/#primaryimage\"},\"image\":{\"@id\":\"https:\\\/\\\/jardindaime.com\\\/index.php\\\/product\\\/botte-de-carotte-a-lunite\\\/#primaryimage\"},\"thumbnailUrl\":\"https:\\\/\\\/jardindaime.com\\\/wp-content\\\/uploads\\\/2026\\\/04\\\/carotte-fane.png\",\"datePublished\":\"2026-04-20T16:21:42+00:00\",\"dateModified\":\"2026-04-20T16:22:25+00:00\",\"breadcrumb\":{\"@id\":\"https:\\\/\\\/jardindaime.com\\\/index.php\\\/product\\\/botte-de-carotte-a-lunite\\\/#breadcrumb\"},\"inLanguage\":\"fr-FR\",\"potentialAction\":[{\"@type\":\"ReadAction\",\"target\":[\"https:\\\/\\\/jardindaime.com\\\/index.php\\\/product\\\/botte-de-carotte-a-lunite\\\/\"]}]},{\"@type\":\"ImageObject\",\"inLanguage\":\"fr-FR\",\"@id\":\"https:\\\/\\\/jardindaime.com\\\/index.php\\\/product\\\/botte-de-carotte-a-lunite\\\/#primaryimage\",\"url\":\"https:\\\/\\\/jardindaime.com\\\/wp-content\\\/uploads\\\/2026\\\/04\\\/carotte-fane.png\",\"contentUrl\":\"https:\\\/\\\/jardindaime.com\\\/wp-content\\\/uploads\\\/2026\\\/04\\\/carotte-fane.png\",\"width\":1000,\"height\":1000},{\"@type\":\"BreadcrumbList\",\"@id\":\"https:\\\/\\\/jardindaime.com\\\/index.php\\\/product\\\/botte-de-carotte-a-lunite\\\/#breadcrumb\",\"itemListElement\":[{\"@type\":\"ListItem\",\"position\":1,\"name\":\"Home\",\"item\":\"https:\\\/\\\/jardindaime.com\\\/\"},{\"@type\":\"ListItem\",\"position\":2,\"name\":\"Produits\",\"item\":\"https:\\\/\\\/jardindaime.com\\\/index.php\\\/shop\\\/\"},{\"@type\":\"ListItem\",\"position\":3,\"name\":\"BOTTE DE CAROTTE (\u00e0 l&rsquo;Unit\u00e9)\"}]},{\"@type\":\"WebSite\",\"@id\":\"https:\\\/\\\/jardindaime.com\\\/#website\",\"url\":\"https:\\\/\\\/jardindaime.com\\\/\",\"name\":\"Jardin d&#039;Aim\u00e9e\",\"description\":\"Vente de fruits et l\u00e9gumes \u00e0 domicile\",\"potentialAction\":[{\"@type\":\"SearchAction\",\"target\":{\"@type\":\"EntryPoint\",\"urlTemplate\":\"https:\\\/\\\/jardindaime.com\\\/?s={search_term_string}\"},\"query-input\":{\"@type\":\"PropertyValueSpecification\",\"valueRequired\":true,\"valueName\":\"search_term_string\"}}],\"inLanguage\":\"fr-FR\"}]}<\/script>\n<!-- \/ Yoast SEO plugin. -->","yoast_head_json":{"title":"BOTTE DE CAROTTE (\u00e0 l'Unit\u00e9) - Jardin d&#039;Aim\u00e9e","robots":{"index":"index","follow":"follow","max-snippet":"max-snippet:-1","max-image-preview":"max-image-preview:large","max-video-preview":"max-video-preview:-1"},"canonical":"https:\/\/jardindaime.com\/index.php\/product\/botte-de-carotte-a-lunite\/","og_locale":"fr_FR","og_type":"article","og_title":"BOTTE DE CAROTTE (\u00e0 l'Unit\u00e9) - Jardin d&#039;Aim\u00e9e","og_description":"BOTTE DE CAROTTE (\u00e0 l'Unit\u00e9)  SA PROVENANCE :\u00a0D'origine France \ud83c\uddeb\ud83c\uddf7 , Bellegarde.  CAT\u00c9GORIE : II","og_url":"https:\/\/jardindaime.com\/index.php\/product\/botte-de-carotte-a-lunite\/","og_site_name":"Jardin d&#039;Aim\u00e9e","article_modified_time":"2026-04-20T16:22:25+00:00","og_image":[{"width":1000,"height":1000,"url":"https:\/\/jardindaime.com\/wp-content\/uploads\/2026\/04\/carotte-fane.png","type":"image\/png"}],"twitter_card":"summary_large_image","twitter_misc":{"Dur\u00e9e de lecture estim\u00e9e":"1 minute"},"schema":{"@context":"https:\/\/schema.org","@graph":[{"@type":"WebPage","@id":"https:\/\/jardindaime.com\/index.php\/product\/botte-de-carotte-a-lunite\/","url":"https:\/\/jardindaime.com\/index.php\/product\/botte-de-carotte-a-lunite\/","name":"BOTTE DE CAROTTE (\u00e0 l'Unit\u00e9) - Jardin d&#039;Aim\u00e9e","isPartOf":{"@id":"https:\/\/jardindaime.com\/#website"},"primaryImageOfPage":{"@id":"https:\/\/jardindaime.com\/index.php\/product\/botte-de-carotte-a-lunite\/#primaryimage"},"image":{"@id":"https:\/\/jardindaime.com\/index.php\/product\/botte-de-carotte-a-lunite\/#primaryimage"},"thumbnailUrl":"https:\/\/jardindaime.com\/wp-content\/uploads\/2026\/04\/carotte-fane.png","datePublished":"2026-04-20T16:21:42+00:00","dateModified":"2026-04-20T16:22:25+00:00","breadcrumb":{"@id":"https:\/\/jardindaime.com\/index.php\/product\/botte-de-carotte-a-lunite\/#breadcrumb"},"inLanguage":"fr-FR","potentialAction":[{"@type":"ReadAction","target":["https:\/\/jardindaime.com\/index.php\/product\/botte-de-carotte-a-lunite\/"]}]},{"@type":"ImageObject","inLanguage":"fr-FR","@id":"https:\/\/jardindaime.com\/index.php\/product\/botte-de-carotte-a-lunite\/#primaryimage","url":"https:\/\/jardindaime.com\/wp-content\/uploads\/2026\/04\/carotte-fane.png","contentUrl":"https:\/\/jardindaime.com\/wp-content\/uploads\/2026\/04\/carotte-fane.png","width":1000,"height":1000},{"@type":"BreadcrumbList","@id":"https:\/\/jardindaime.com\/index.php\/product\/botte-de-carotte-a-lunite\/#breadcrumb","itemListElement":[{"@type":"ListItem","position":1,"name":"Home","item":"https:\/\/jardindaime.com\/"},{"@type":"ListItem","position":2,"name":"Produits","item":"https:\/\/jardindaime.com\/index.php\/shop\/"},{"@type":"ListItem","position":3,"name":"BOTTE DE CAROTTE (\u00e0 l&rsquo;Unit\u00e9)"}]},{"@type":"WebSite","@id":"https:\/\/jardindaime.com\/#website","url":"https:\/\/jardindaime.com\/","name":"Jardin d&#039;Aim\u00e9e","description":"Vente de fruits et l\u00e9gumes \u00e0 domicile","potentialAction":[{"@type":"SearchAction","target":{"@type":"EntryPoint","urlTemplate":"https:\/\/jardindaime.com\/?s={search_term_string}"},"query-input":{"@type":"PropertyValueSpecification","valueRequired":true,"valueName":"search_term_string"}}],"inLanguage":"fr-FR"}]}},"_links":{"self":[{"href":"https:\/\/jardindaime.com\/index.php\/wp-json\/wp\/v2\/product\/9484","targetHints":{"allow":["GET"]}}],"collection":[{"href":"https:\/\/jardindaime.com\/index.php\/wp-json\/wp\/v2\/product"}],"about":[{"href":"https:\/\/jardindaime.com\/index.php\/wp-json\/wp\/v2\/types\/product"}],"replies":[{"embeddable":true,"href":"https:\/\/jardindaime.com\/index.php\/wp-json\/wp\/v2\/comments?post=9484"}],"wp:featuredmedia":[{"embeddable":true,"href":"https:\/\/jardindaime.com\/index.php\/wp-json\/wp\/v2\/media\/9485"}],"wp:attachment":[{"href":"https:\/\/jardindaime.com\/index.php\/wp-json\/wp\/v2\/media?parent=9484"}],"wp:term":[{"taxonomy":"product_brand","embeddable":true,"href":"https:\/\/jardindaime.com\/index.php\/wp-json\/wp\/v2\/product_brand?post=9484"},{"taxonomy":"product_cat","embeddable":true,"href":"https:\/\/jardindaime.com\/index.php\/wp-json\/wp\/v2\/product_cat?post=9484"},{"taxonomy":"product_tag","embeddable":true,"href":"https:\/\/jardindaime.com\/index.php\/wp-json\/wp\/v2\/product_tag?post=9484"}],"curies":[{"name":"wp","href":"https:\/\/api.w.org\/{rel}","templated":true}]}}