{"id":9486,"date":"2026-04-23T16:47:56","date_gmt":"2026-04-23T16:47:56","guid":{"rendered":"https:\/\/jardindaime.com\/?post_type=product&#038;p=9486"},"modified":"2026-04-23T16:50:51","modified_gmt":"2026-04-23T16:50:51","slug":"pomme-de-terre-nouvelle","status":"publish","type":"product","link":"https:\/\/jardindaime.com\/index.php\/product\/pomme-de-terre-nouvelle\/","title":{"rendered":"POMME DE TERRE NOUVELLE"},"content":{"rendered":"<h4><img decoding=\"async\" class=\"emoji\" role=\"img\" draggable=\"false\" src=\"https:\/\/s.w.org\/images\/core\/emoji\/17.0.2\/svg\/1f954.svg\" alt=\"\ud83e\udd54\" \/>Pommes de terre nouvelles\u00a0 \u2013 Vari\u00e9t\u00e9 Spunta<\/h4>\n<h4><img decoding=\"async\" class=\"emoji\" role=\"img\" draggable=\"false\" src=\"https:\/\/s.w.org\/images\/core\/emoji\/17.0.2\/svg\/2728.svg\" alt=\"\u2728\" \/>\u00a0Caract\u00e9ristiques du produit<\/h4>\n<p><em>La Spunta est une vari\u00e9t\u00e9 demi\u2011pr\u00e9coce originaire des Pays\u2011Bas,<\/em><\/p>\n<p><em>Elle se distingue par ses tubercules de gros calibre, de forme allong\u00e9e et r\u00e9guli\u00e8re, \u00e0 peau jaune lisse et chair jaune p\u00e2le bien fondante .<\/em><\/p>\n<p><em>La chair est tendre et juteuse, avec une bonne tenue \u00e0 la cuisson \u2014 id\u00e9ale pour gratins, rissol\u00e9s, frites, pur\u00e9es ou potages .<\/em><\/p>\n<p><em>Cette vari\u00e9t\u00e9 est robuste, peu sensible aux virus et relativement rustique, bien adapt\u00e9e \u00e0 la culture dans les climats chauds ou secs .<\/em><\/p>\n<h4><img decoding=\"async\" class=\"emoji\" role=\"img\" draggable=\"false\" src=\"https:\/\/s.w.org\/images\/core\/emoji\/17.0.2\/svg\/1f9ca.svg\" alt=\"\ud83e\uddca\" \/>\u00a0Conseils de conservation<\/h4>\n<p><em>\u2022 Stocke les pommes de terre dans un endroit frais (6 \u00e0 8\u202f\u00b0C id\u00e9alement), sec, sombre et bien ventil\u00e9 pour \u00e9viter la germination et le verdissement .<\/em><\/p>\n<p><em>\u2022 Ne les mets pas au r\u00e9frig\u00e9rateur directement : le froid rend la chair farineuse et alt\u00e8re le go\u00fbt.<\/em><\/p>\n<p><em>\u2022 En bonne condition, elles se conservent jusqu\u2019\u00e0 3 \u00e0 5 mois \u2014 tr\u00e8s pratique m\u00eame apr\u00e8s la saison des nouvelles pommes de terre .<\/em><\/p>\n<h4><strong><img decoding=\"async\" class=\"emoji\" role=\"img\" draggable=\"false\" src=\"https:\/\/s.w.org\/images\/core\/emoji\/17.0.2\/svg\/1f37d.svg\" alt=\"\ud83c\udf7d\ufe0f\" \/> <\/strong>Conseils d\u2019utilisation<\/h4>\n<p><em>\u2022 La chair fondante de la Spunta supporte bien la cuisson et convient aussi bien \u00e0 la pur\u00e9e, gratin, potage, rissol\u00e9es ou frites maison .<\/em><\/p>\n<p><em>\u2022 Gr\u00e2ce \u00e0 sa forme r\u00e9guli\u00e8re, elle est facile \u00e0 peler et \u00e0 couper.<\/em><\/p>\n<p><em>\u2022 Sa faible teneur en mati\u00e8re s\u00e8che limite les risques de dess\u00e8chement ou de noircissement apr\u00e8s cuisson .<\/em><\/p>\n<p><em>\u2022 Pour une meilleure expression du go\u00fbt, pr\u00e9f\u00e8re une cuisson douce ou un pr\u00e9-blanchiment pour des frites dor\u00e9es et croustillantes.<\/em><\/p>\n","protected":false},"excerpt":{"rendered":"<p><strong>POMME DE TERRE NOUVELLE\u00a0<\/strong><\/p>\n<p><strong>SA PROVENANCE :\u00a0<\/strong><em>D&rsquo;origine France \ud83c\uddeb\ud83c\uddf7 , Bellegarde.<\/em><\/p>\n<p><strong>CAT\u00c9GORIE : II<\/strong><\/p>\n<p>&nbsp;<\/p>\n","protected":false},"featured_media":9487,"comment_status":"open","ping_status":"closed","template":"","meta":[],"product_brand":[],"product_cat":[77,271],"product_tag":[199],"class_list":{"0":"post-9486","1":"product","2":"type-product","3":"status-publish","4":"has-post-thumbnail","6":"product_cat-legume","7":"product_cat-tous","8":"product_tag-pomme-de-terre-nouvelle","10":"first","11":"instock","12":"shipping-taxable","13":"purchasable","14":"product-type-variable"},"yoast_head":"<!-- This site is optimized with the Yoast SEO plugin v27.4 - https:\/\/yoast.com\/product\/yoast-seo-wordpress\/ -->\n<title>POMME DE TERRE NOUVELLE - Jardin d&#039;Aim\u00e9e<\/title>\n<meta name=\"robots\" content=\"index, follow, max-snippet:-1, max-image-preview:large, max-video-preview:-1\" \/>\n<link rel=\"canonical\" href=\"https:\/\/jardindaime.com\/index.php\/product\/pomme-de-terre-nouvelle\/\" \/>\n<meta property=\"og:locale\" content=\"fr_FR\" \/>\n<meta property=\"og:type\" content=\"article\" \/>\n<meta property=\"og:title\" content=\"POMME DE TERRE NOUVELLE - Jardin d&#039;Aim\u00e9e\" \/>\n<meta property=\"og:description\" content=\"POMME DE TERRE NOUVELLE\u00a0  SA PROVENANCE :\u00a0D&#039;origine France \ud83c\uddeb\ud83c\uddf7 , Bellegarde.  CAT\u00c9GORIE : II  &nbsp;\" \/>\n<meta property=\"og:url\" content=\"https:\/\/jardindaime.com\/index.php\/product\/pomme-de-terre-nouvelle\/\" \/>\n<meta property=\"og:site_name\" content=\"Jardin d&#039;Aim\u00e9e\" \/>\n<meta property=\"article:modified_time\" content=\"2026-04-23T16:50:51+00:00\" \/>\n<meta property=\"og:image\" content=\"https:\/\/jardindaime.com\/wp-content\/uploads\/2026\/04\/fotolia_55292183_subscription_xl-copy.jpg\" \/>\n\t<meta property=\"og:image:width\" content=\"1200\" \/>\n\t<meta property=\"og:image:height\" content=\"888\" \/>\n\t<meta property=\"og:image:type\" content=\"image\/jpeg\" \/>\n<meta name=\"twitter:card\" content=\"summary_large_image\" \/>\n<meta name=\"twitter:label1\" content=\"Dur\u00e9e de lecture estim\u00e9e\" \/>\n\t<meta name=\"twitter:data1\" content=\"3 minutes\" \/>\n<script type=\"application\/ld+json\" class=\"yoast-schema-graph\">{\"@context\":\"https:\\\/\\\/schema.org\",\"@graph\":[{\"@type\":\"WebPage\",\"@id\":\"https:\\\/\\\/jardindaime.com\\\/index.php\\\/product\\\/pomme-de-terre-nouvelle\\\/\",\"url\":\"https:\\\/\\\/jardindaime.com\\\/index.php\\\/product\\\/pomme-de-terre-nouvelle\\\/\",\"name\":\"POMME DE TERRE NOUVELLE - Jardin d&#039;Aim\u00e9e\",\"isPartOf\":{\"@id\":\"https:\\\/\\\/jardindaime.com\\\/#website\"},\"primaryImageOfPage\":{\"@id\":\"https:\\\/\\\/jardindaime.com\\\/index.php\\\/product\\\/pomme-de-terre-nouvelle\\\/#primaryimage\"},\"image\":{\"@id\":\"https:\\\/\\\/jardindaime.com\\\/index.php\\\/product\\\/pomme-de-terre-nouvelle\\\/#primaryimage\"},\"thumbnailUrl\":\"https:\\\/\\\/jardindaime.com\\\/wp-content\\\/uploads\\\/2026\\\/04\\\/fotolia_55292183_subscription_xl-copy.jpg\",\"datePublished\":\"2026-04-23T16:47:56+00:00\",\"dateModified\":\"2026-04-23T16:50:51+00:00\",\"breadcrumb\":{\"@id\":\"https:\\\/\\\/jardindaime.com\\\/index.php\\\/product\\\/pomme-de-terre-nouvelle\\\/#breadcrumb\"},\"inLanguage\":\"fr-FR\",\"potentialAction\":[{\"@type\":\"ReadAction\",\"target\":[\"https:\\\/\\\/jardindaime.com\\\/index.php\\\/product\\\/pomme-de-terre-nouvelle\\\/\"]}]},{\"@type\":\"ImageObject\",\"inLanguage\":\"fr-FR\",\"@id\":\"https:\\\/\\\/jardindaime.com\\\/index.php\\\/product\\\/pomme-de-terre-nouvelle\\\/#primaryimage\",\"url\":\"https:\\\/\\\/jardindaime.com\\\/wp-content\\\/uploads\\\/2026\\\/04\\\/fotolia_55292183_subscription_xl-copy.jpg\",\"contentUrl\":\"https:\\\/\\\/jardindaime.com\\\/wp-content\\\/uploads\\\/2026\\\/04\\\/fotolia_55292183_subscription_xl-copy.jpg\",\"width\":1200,\"height\":888},{\"@type\":\"BreadcrumbList\",\"@id\":\"https:\\\/\\\/jardindaime.com\\\/index.php\\\/product\\\/pomme-de-terre-nouvelle\\\/#breadcrumb\",\"itemListElement\":[{\"@type\":\"ListItem\",\"position\":1,\"name\":\"Home\",\"item\":\"https:\\\/\\\/jardindaime.com\\\/\"},{\"@type\":\"ListItem\",\"position\":2,\"name\":\"Produits\",\"item\":\"https:\\\/\\\/jardindaime.com\\\/index.php\\\/shop\\\/\"},{\"@type\":\"ListItem\",\"position\":3,\"name\":\"POMME DE TERRE NOUVELLE\"}]},{\"@type\":\"WebSite\",\"@id\":\"https:\\\/\\\/jardindaime.com\\\/#website\",\"url\":\"https:\\\/\\\/jardindaime.com\\\/\",\"name\":\"Jardin d&#039;Aim\u00e9e\",\"description\":\"Vente de fruits et l\u00e9gumes \u00e0 domicile\",\"potentialAction\":[{\"@type\":\"SearchAction\",\"target\":{\"@type\":\"EntryPoint\",\"urlTemplate\":\"https:\\\/\\\/jardindaime.com\\\/?s={search_term_string}\"},\"query-input\":{\"@type\":\"PropertyValueSpecification\",\"valueRequired\":true,\"valueName\":\"search_term_string\"}}],\"inLanguage\":\"fr-FR\"}]}<\/script>\n<!-- \/ Yoast SEO plugin. -->","yoast_head_json":{"title":"POMME DE TERRE NOUVELLE - Jardin d&#039;Aim\u00e9e","robots":{"index":"index","follow":"follow","max-snippet":"max-snippet:-1","max-image-preview":"max-image-preview:large","max-video-preview":"max-video-preview:-1"},"canonical":"https:\/\/jardindaime.com\/index.php\/product\/pomme-de-terre-nouvelle\/","og_locale":"fr_FR","og_type":"article","og_title":"POMME DE TERRE NOUVELLE - Jardin d&#039;Aim\u00e9e","og_description":"POMME DE TERRE NOUVELLE\u00a0  SA PROVENANCE :\u00a0D'origine France \ud83c\uddeb\ud83c\uddf7 , Bellegarde.  CAT\u00c9GORIE : II  &nbsp;","og_url":"https:\/\/jardindaime.com\/index.php\/product\/pomme-de-terre-nouvelle\/","og_site_name":"Jardin d&#039;Aim\u00e9e","article_modified_time":"2026-04-23T16:50:51+00:00","og_image":[{"width":1200,"height":888,"url":"https:\/\/jardindaime.com\/wp-content\/uploads\/2026\/04\/fotolia_55292183_subscription_xl-copy.jpg","type":"image\/jpeg"}],"twitter_card":"summary_large_image","twitter_misc":{"Dur\u00e9e de lecture estim\u00e9e":"3 minutes"},"schema":{"@context":"https:\/\/schema.org","@graph":[{"@type":"WebPage","@id":"https:\/\/jardindaime.com\/index.php\/product\/pomme-de-terre-nouvelle\/","url":"https:\/\/jardindaime.com\/index.php\/product\/pomme-de-terre-nouvelle\/","name":"POMME DE TERRE NOUVELLE - Jardin d&#039;Aim\u00e9e","isPartOf":{"@id":"https:\/\/jardindaime.com\/#website"},"primaryImageOfPage":{"@id":"https:\/\/jardindaime.com\/index.php\/product\/pomme-de-terre-nouvelle\/#primaryimage"},"image":{"@id":"https:\/\/jardindaime.com\/index.php\/product\/pomme-de-terre-nouvelle\/#primaryimage"},"thumbnailUrl":"https:\/\/jardindaime.com\/wp-content\/uploads\/2026\/04\/fotolia_55292183_subscription_xl-copy.jpg","datePublished":"2026-04-23T16:47:56+00:00","dateModified":"2026-04-23T16:50:51+00:00","breadcrumb":{"@id":"https:\/\/jardindaime.com\/index.php\/product\/pomme-de-terre-nouvelle\/#breadcrumb"},"inLanguage":"fr-FR","potentialAction":[{"@type":"ReadAction","target":["https:\/\/jardindaime.com\/index.php\/product\/pomme-de-terre-nouvelle\/"]}]},{"@type":"ImageObject","inLanguage":"fr-FR","@id":"https:\/\/jardindaime.com\/index.php\/product\/pomme-de-terre-nouvelle\/#primaryimage","url":"https:\/\/jardindaime.com\/wp-content\/uploads\/2026\/04\/fotolia_55292183_subscription_xl-copy.jpg","contentUrl":"https:\/\/jardindaime.com\/wp-content\/uploads\/2026\/04\/fotolia_55292183_subscription_xl-copy.jpg","width":1200,"height":888},{"@type":"BreadcrumbList","@id":"https:\/\/jardindaime.com\/index.php\/product\/pomme-de-terre-nouvelle\/#breadcrumb","itemListElement":[{"@type":"ListItem","position":1,"name":"Home","item":"https:\/\/jardindaime.com\/"},{"@type":"ListItem","position":2,"name":"Produits","item":"https:\/\/jardindaime.com\/index.php\/shop\/"},{"@type":"ListItem","position":3,"name":"POMME DE TERRE NOUVELLE"}]},{"@type":"WebSite","@id":"https:\/\/jardindaime.com\/#website","url":"https:\/\/jardindaime.com\/","name":"Jardin d&#039;Aim\u00e9e","description":"Vente de fruits et l\u00e9gumes \u00e0 domicile","potentialAction":[{"@type":"SearchAction","target":{"@type":"EntryPoint","urlTemplate":"https:\/\/jardindaime.com\/?s={search_term_string}"},"query-input":{"@type":"PropertyValueSpecification","valueRequired":true,"valueName":"search_term_string"}}],"inLanguage":"fr-FR"}]}},"_links":{"self":[{"href":"https:\/\/jardindaime.com\/index.php\/wp-json\/wp\/v2\/product\/9486","targetHints":{"allow":["GET"]}}],"collection":[{"href":"https:\/\/jardindaime.com\/index.php\/wp-json\/wp\/v2\/product"}],"about":[{"href":"https:\/\/jardindaime.com\/index.php\/wp-json\/wp\/v2\/types\/product"}],"replies":[{"embeddable":true,"href":"https:\/\/jardindaime.com\/index.php\/wp-json\/wp\/v2\/comments?post=9486"}],"wp:featuredmedia":[{"embeddable":true,"href":"https:\/\/jardindaime.com\/index.php\/wp-json\/wp\/v2\/media\/9487"}],"wp:attachment":[{"href":"https:\/\/jardindaime.com\/index.php\/wp-json\/wp\/v2\/media?parent=9486"}],"wp:term":[{"taxonomy":"product_brand","embeddable":true,"href":"https:\/\/jardindaime.com\/index.php\/wp-json\/wp\/v2\/product_brand?post=9486"},{"taxonomy":"product_cat","embeddable":true,"href":"https:\/\/jardindaime.com\/index.php\/wp-json\/wp\/v2\/product_cat?post=9486"},{"taxonomy":"product_tag","embeddable":true,"href":"https:\/\/jardindaime.com\/index.php\/wp-json\/wp\/v2\/product_tag?post=9486"}],"curies":[{"name":"wp","href":"https:\/\/api.w.org\/{rel}","templated":true}]}}